at is the units digit of 282?
2
What is the units digit of 34228?
8
What is the hundreds digit of 6494?
4
What is the units digit of 3277?
7
What is the units digit of 19929?
9
What is the hundreds digit of 7937?
9
What is the tens digit of 2553?
5
What is the ten thousands digit of 84398?
8
What is the tens digit of 432?
3
What is the tens digit of 8901?
0
What is the units digit of 51557?
7
What is the ten thousands digit of 98498?
9
What is the tens digit of 6080?
8
What is the tens digit of 1105?
0
What is the hundreds digit of 93696?
6
What is the hundreds digit of 52089?
0
What is the tens digit of 2500?
0
What is the hundreds digit of 297?
2
What is the hundreds digit of 853?
8
What is the tens digit of 2250?
5
What is the units digit of 97407?
7
What is the tens digit of 137123?
2
What is the ten thousands digit of 37175?
3
What is the tens digit of 806?
0
What is the thousands digit of 25978?
5
What is the thousands digit of 24790?
4
What is the hundreds digit of 48720?
7
What is the tens digit of 76936?
3
What is the units digit of 9086?
6
What is the thousands digit of 87830?
7
What is the thousands digit of 110201?
0
What is the hundreds digit of 319?
3
What is the units digit of 50484?
4
What is the hundreds digit of 2370?
3
What is the tens digit of 3897?
9
What is the tens digit of 38140?
4
What is the units digit of 5048?
8
What is the tens digit of 5703?
0
What is the units digit of 1861?
1
What is the tens digit of 1476?
7
What is the tens digit of 816?
1
What is the units digit of 370?
0
What is the tens digit of 943?
4
What is the tens digit of 1450?
5
What is the thousands digit of 1595?
1
What is the thousands digit of 51873?
1
What is the tens digit of 1127?
2
What is the units digit of 4638?
8
What is the hundreds digit of 16854?
8
What is the tens digit of 129?
2
What is the units digit of 291?
1
What is the units digit of 1359?
9
What is the hundreds digit of 16402?
4
What is the tens digit of 21984?
8
What is the thousands digit of 2541?
2
What is the tens digit of 1106?
0
What is the tens digit of 625?
2
What is the tens digit of 5907?
0
What is the hundreds digit of 895?
8
What is the units digit of 1110?
0
What is the units digit of 13927?
7
What is the thousands digit of 2109?
2
What is the thousands digit of 1602?
1
What is the units digit of 20593?
3
What is the thousands digit of 5549?
5
What is the thousands digit of 94586?
4
What is the tens digit of 1778?
7
What is the hundreds digit of 17405?
4
What is the units digit of 213?
3
What is the units digit of 4342?
2
What is the hundreds digit of 62774?
7
What is the hundreds digit of 8863?
8
What is the tens digit of 10852?
5
What is the thousands digit of 74363?
4
What is the tens digit of 2735?
3
What is the tens digit of 66560?
6
What is the hundreds digit of 7541?
5
What is the units digit of 2116?
6
What is the hundred thousands digit of 149565?
1
What is the units digit of 485?
5
What is the tens digit of 2189?
8
What is the hundreds digit of 18917?
9
What is the hundreds digit of 209?
2
What is the tens digit of 4094?
9
What is the tens digit of 32294?
9
What is the tens digit of 8625?
2
What is the units digit of 672?
2
What is the units digit of 18491?
1
What is the units digit of 376?
6
What is the thousands digit of 7526?
7
What is the hundreds digit of 3350?
3
What is the hundreds digit of 724?
7
What is the tens digit of 4204?
0
What is the tens digit of 985?
8
What is the tens digit of 42694?
9
What is the hundreds digit of 289?
2
What is the thousands digit of 17026?
7
What is the thousands digit of 2001?
2
What is the hundreds digit of 197?
1
What is the thousands digit of 5481?
5
What is the thousands digit of 8658?
8
What is the units digit of 18952?
2
What is the units digit of 436?
6
What is the units digit of 102?
2
What is the hundreds digit of 1696?
6
What is the units digit of 46?
6
What is the ten thousands digit of 52472?
5
What is the tens digit of 912?
1
What is the hundreds digit of 3439?
4
What is the hundreds digit of 658?
6
What is the units digit of 3210?
0
What is the units digit of 44?
4
What is the thousands digit of 2360?
2
What is the units digit of 9?
9
What is the hundreds digit of 5124?
1
What is the hundreds digit of 7956?
9
What is the thousands digit of 1253?
1
What is the hundreds digit of 4074?
0
What is the thousands digit of 1272?
1
What is the hundreds digit of 11410?
4
What is the ten thousands digit of 31263?
3
What is the hundreds digit of 108610?
6
What is the tens digit of 11542?
4
What is the ten thousands digit of 53329?
5
What is the tens digit of 10463?
6
What is the tens digit of 2657?
5
What is the units digit of 227?
7
What is the hundreds digit of 1840?
8
What is the hundreds digit of 974?
9
What is the units digit of 206?
6
What is the tens digit of 816?
1
What is the units digit of 35406?
6
What is the units digit of 3368?
8
What is the ten thousands digit of 152992?
5
What is the tens digit of 1867?
6
What is the thousands digit of 12670?
2
What is the units digit of 48071?
1
What is the hundreds digit of 327?
3
What is the units digit of 2190?
0
What is the units digit of 18264?
4
What is the hundreds digit of 7614?
6
What is the units digit of 19547?
7
What is the tens digit of 680?
8
What is the units digit of 659?
9
What is the tens digit of 35812?
1
What is the tens digit of 22884?
8
What is the hundreds digit of 34998?
9
What is the hundreds digit of 8364?
3
What is the tens digit of 21870?
7
What is the thousands digit of 1197?
1
What is the thousands digit of 1344?
1
What is the ten thousands digit of 46919?
4
What is the thousands digit of 18444?
8
What is the hundreds digit of 283?
2
What is the thousands digit of 5137?
5
What is the hundreds digit of 1041?
0
What is the tens digit of 658?
5
What is the hundreds digit of 42833?
8
What is the thousands digit of 101706?
1
What is the ten thousands digit of 46338?
4
What is the hundreds digit of 18873?
8
What is the units digit of 1129?
9
What is the thousands digit of 1498?
1
What is the hundreds digit of 5360?
3
What is the tens digit of 29842?
4
What is the tens digit of 793?
9
What is the hundreds digit of 955?
9
What is the thousands digit of 11466?
1
What is the units digit of 130730?
0
What is the tens digit of 73475?
7
What is the units digit of 2553?
3
What is the hundreds digit of 3873?
8
What is the units digit of 57574?
4
What is the tens digit of 12100?
0
What is the hundreds digit of 582?
5
What is the tens digit of 3861?
6
What is the tens digit of 49108?
0
What is the units digit of 69345?
5
What is the hundreds digit of 2957?
9
What is the hundreds digit of 69432?
4
What is the units digit of 4418?
8
What is the hundreds digit of 1795?
7
What is the tens digit of 17686?
8
What is the thousands digit of 4898?
4
What is the units digit of 1259?
9
What is the tens digit of 411?
1
What is the units digit of 1165?
5
What is the hundreds digit of 788?
7
What is the units digit of 6101?
1
What is the hundreds digit of 19735?
7
What is the hundreds digit of 4560?
5
What is the hundreds digit of 985?
9
What is the units digit of 3584?
4
What is the hundreds digit of 1922?
9
What is the thousands digit of 8186?
8
What is the hundreds digit of 27275?
2
What is the units digit of 34753?
3
What is the thousands digit of 77689?
7
What is the tens digit of 23327?
2
What is the hundreds digit of 4679?
6
What is the tens digit of 63?
6
What is the tens digit of 9743?
4
What is the tens digit of 2358?
5
What is the ten thousands digit of 48026?
4
What is the thousands digit of 45819?
5
What is the thousands digit of 4271?
4
What is the hundreds digit of 2122?
1
What is the thousands digit of 4352?
4
What is the units digit of 67424?
4
What is the thousands digit of 1215?
1
What is the thousands digit of 56800?
6
What is the hundreds digit of 12524?
5
What is the units digit of 22311?
1
What is the units digit of 763?
3
What is the tens digit of 2038?
3
What is the units digit of 9108?
8
What is the thousands digit of 5622?
5
What is the hundreds digit of 526?
5
What is the tens digit of 1809?
0
What is the thousands digit of 3135?
3
What is the hundreds digit of 448?
4
What is the hundreds digit of 575?
5
What is the thousands digit of